ite?
True
Let j(s) = 2*s**2 - 7*s + 2. Let q be j(5). Suppose 4*k - 5*k + q = 5*l, 2*k = 2*l - 26. Is (k/4 - -1) + 1199 a prime number?
False
Suppose i = -0*i - 85. Suppose 0 = -5*a + 5*d + 2555, 30*a + 1568 = 33*a + 4*d. Let y = a + i. Is y a prime number?
True
Suppose -95*d + 83*d + 40702 = -30062. Is d prime?
True
Let i(w) be the second derivative of w**5/4 - 2*w**4/3 + 29*w**3/6 - 17*w**2/2 + 12*w. Is i(7) prime?
False
Let g be 703/3 - 84/63. Let r = 264 - g. Is r composite?
False
Let x = -120 + 122. Suppose -3*b - x*l + 1233 = 0, -9*b = -5*b - 4*l - 1664. Is b composite?
True
Suppose -68*d + 446694 = -802126. Is d a composite number?
True
Let w(k) = -k**2 + 32*k - 41. Let r be w(25). Suppose -z + 247 = -r. Is z prime?
False
Let g(l) = 2 + 43*l + 3 + 5*l. Let s = 365 - 362. Is g(s) prime?
True
Let z(k) = -k**3 + 5*k**2 + k - 10. Let d be z(5). Is (1604/(-10))/(2/(-30)) - d a composite number?
False
Suppose -3*u - 698 = -3*b - 3431, -5*u = -b - 915. Let c = 5881 + b. Is c a prime number?
False
Let s(r) = 48*r + 5*r**2 - 19 - 122*r + 37*r. Is s(-16) composite?
True
Let p(i) = i**2 - 2*i + 3. Let g be p(0). Suppose 2*u - 220 = 3*h + 1265, 3*u + g*h = 2235. Is 0 + (u/4)/2 composite?
True
Let j(h) be the third derivative of 35*h**4/12 + 13*h**3/6 + h**2. Let n = 83 - 79. Is j(n) prime?
True
Let d(a) = 6*a - 14 + 57*a**2 - 22*a**2 - 20*a**2. Is d(9) prime?
False
Let o = -190 - -78. Let y be 1724/(-7) + 2/7. Let p = o - y. Is p a composite number?
True
Suppose 0*c = j - 2*c + 1, -c - 13 = -5*j. Suppose 194 = j*x - 28. Let i = x - -219. Is i composite?
False
Suppose -2*s = -3*i + 15, -s - 28 = -4*i - 8. Suppose s = 30*g - 29*g - 31. Is g a prime number?
True
Suppose s = 5*y - 12, 0 = s - 2*y - 3 + 6. Suppose 12187 = s*v - 1571. Is v a prime number?
False
Suppose 86311 = a + 5*b, 0 = -4*a + 28*b - 25*b + 345290. Is a a prime number?
False
Let k be (-6)/60*4 - (-42)/5. Suppose -51215 + 6231 = -k*s. Is s prime?
True
Is -5 - -275598*40/30 composite?
True
Let c be (-1)/(3*(-3)/45). Suppose -c*g = 2*w - 2597, -w - 2075 = -4*g - 0*w. Let j = g + -106. Is j prime?
False
Suppose 17*w - 598095 + 75226 = -0*w. Is w a composite number?
False
Let l = -7310 + 5063. Let j = l + 7051. Suppose -7*p + j = -3*p. Is p composite?
False
Let r be (-10 - -8) + 8 - (1 - -3). Suppose 9*c - 4*a = 7*c + 5854, 5*a + 5853 = r*c. Is c a prime number?
False
Suppose -129 = -3*n + 3*h, -4*h - 5 - 44 = -n. Let q = n - 41. Suppose 0 = -m - q*m + 67. Is m composite?
False
Is 220315 - -69 - (2 - -5) composite?
True
Let p be (-98)/(-6) - (-5)/(-15). Suppose 9*g = p*g - 469. Is g composite?
False
Let z(t) = 4 + 3*t**2 - 2*t**2 + 0 + 3 + 0 + 17*t. Suppose -19 = -0*o - o. Is z(o) a prime number?
True
Suppose 2*a = 3*r + 46 + 9, 4*r + 2*a = -50. Let n be (908 - 2)*(r/6 + 1). Is (-12)/3 - (n - 6) a prime number?
True
Let b = 58 + -51. Suppose l - 4*q + 15 = 0, -3*l - 17 = 2*q - b*q. Is -3 + 7 + 1146 + l composite?
False
Suppose 0 = -5*h + 15666 - 241. Suppose -l - h = -6*l. Suppose -2792 = -7*b + l. Is b prime?
True
Let y = 393164 - -103619. Is y a composite number?
True
Let y = -86024 - -298441. Is y composite?
True
Let z be ((-18)/(-14) - 1) + 576/42. Suppose z = a - c + 2, a = -2*c - 3. Suppose 0 = 4*o - g - 212, 0 = -a*o + 3*o + 4*g + 212. Is o a prime number?
True
Suppose 7*c - 3936 = 4*c. Suppose y = 2*f - 675, 0*f - 2688 = 4*y - 2*f. Let s = y + c. Is s a composite number?
False
Let i(j) = 2*j**3 - 29*j**2 + 26*j - 12. Let l be i(19). Suppose 816 = k - l. Is k a composite number?
False
Let z be 0 + 1 + 1 + -2 - 21. Let u be -194 + 1 - -1 - (z - -18). Let j = u + 376. Is j a composite number?
True
Let v be (21 + -22)*(-3 - (-2)/2). Suppose 2*l - 3*q + 134 = 0, 5*q + 17 = -v*l - 101. Is 1/2 - 10592/l prime?
False
Let s(j) = 18*j + 101. Let f be s(-6). Is 5*875 - (f + 7 - -2) a composite number?
False
Let j(w) = w**3 + 34*w**2 + 6*w - 135. Let x be j(-34). Let i = x + 644. Is i prime?
False
Let v = 1600 + -459. Let y = -2 - -5. Suppose -r - r - v = -y*d, -3*d = -4*r - 1151. Is d a prime number?
False
Suppose 18*w - 21 = 51. Is (-5 + 2559/(-4))/((-1)/w) a prime number?
True
Let z = 188 + -189. Is (z - 2938)*(-11 + (-7 - -17)) prime?
True
Suppose 28920 - 7873532 = -41*v - 83*v. Is v a composite number?
True
Suppose 11*z + 10 = 12*z. Suppose 3*t = 3*w - 4035, -2*w = 12*t - z*t - 2682. Is w composite?
True
Let s be (-13)/(-2) + (-3)/2. Is (s/(10/2203))/(2/4) a prime number?
True
Let h(u) = 2*u**3 + 13*u**2 - 6*u + 3. Let q(n) = n - 107*n**2 + n**3 - n**3 + n**3 + 108*n**2. Let g(x) = h(x) - 3*q(x). Is g(7) a composite number?
True
Let m(t) = -2*t + 46. Let x be m(7). Suppose -38*v = -x*v - 17394. Is v prime?
False
Suppose 3*g + 0*k - 3*k - 39 = 0, 3 = 3*k. Suppose -57*i + 67 + 138 = -16*i. Let o = i + g. Is o composite?
False
Let s(i) = 4*i**2 + 77 + 28*i - 63 - 9*i + 76. Is s(19) composite?
True
Let t(x) = x**3 + 238. Let u be t(0). Suppose w - k = -w - u, -w = -k + 120. Is w*2*45/(-36) a composite number?
True
Suppose -5*p - 5*w = -3*w - 934, -5*p = w - 932. Let b = 263 - p. Let n = b - 55. Is n prime?
False
Let j = -1761 + 2545. Suppose 8*n - 2777 - 479 = 0. Let x = j - n. Is x a prime number?
False
Suppose 4*o + 10 = -3*i, 6 = -i - 3*o - 4. Let f(k) = -3 + i*k + 38*k**2 - 3 + 4 + 1. Is f(3) a composite number?
False
Suppose 5*m = -3*n - n + 36919, 5*m - 9256 = -n. Is n prime?
True
Let d(t) = t**2 - 2*t - 49. Let c be d(9). Suppose l = 5*a - 8283, -19*a + c*a - 3*l = -8291. Is a a composite number?
False
Let g(c) = -2*c**2 + 24*c - 3. Let k be g(11). Suppose -20*x + k*x - 3*m = -5638, x - 5608 = 3*m. Is x composite?
False
Let o = 5777 + 3569. Is o prime?
False
Is (-703413)/2*58/(-87) a composite number?
True
Suppose -4*g - 3*m + 3560 = 0, -4*m = -g - 2*m + 901. Suppose 5*l - 1327 = g. Suppose -374 = -2*w + l. Is w composite?
False
Let f = -692 - -697. Is 20/50*f*(-69349)/(-2) prime?
False
Let v be 131/3 + (-9)/((-297)/(-22)). Suppose 0*u + 4*u - 77 = -3*p, 2*p - v = -u. Is p a composite number?
False
Suppose -375*l + 8214804 = -277629321. Is l a prime number?
False
Is (18 - 17)/((-1)/(-797581)) a composite number?
False
Let n = 15688 + -8213. Suppose 4*r + n = 19887. Is r a prime number?
False
Suppose l + 4*p = 65221, 4*l - 42*p + 37*p - 260842 = 0. Is l a prime number?
True
Suppose -5*q = p - 9549, -26*p - 9525 = -5*q - 21*p. Is q prime?
False
Is 4/(5/((-987820)/395112) + 2) a prime number?
True
Suppose 2*i - 17*p + 13*p = 207000, 0 = -5*i - 16*p + 517474. Is i prime?
False
Let h(l) = 5*l**2 + 40*l - 24. Let b be h(25). Suppose b = 3*f - 1404. Is f composite?
True
Suppose -10*z + 5 + 25 = 0. Suppose 0 = 2*b + z*q - 877, -5*b - q = 3*q - 2189. Suppose 38 - b = -7*d. Is d composite?
True
Let k = 473 + 184. Suppose 76*i = 82*i + 1680. Let j = i + k. Is j a prime number?
False
Suppose -5*v + 4*h + 647909 = 0, -16*h + 647904 = 5*v - 15*h. Is v prime?
True
Suppose -2926 = -2*i - 4*h, -3*h - 5 = 2*h. Let j(q) = 2*q**2 - 21*q + 25. Let w be j(23). Let a = i - w. Is a a prime number?
False
Suppose 649 = 3*j - 857. Suppose -g + j = -0*g. Suppose 0 = 2*c - 0*c - g. Is c prime?
True
Let x = -442905 - -722174. Is x composite?
False
Let i = 12852 + -8305. Is i a composite number?
False
Suppose -826424 = -6391*v + 6383*v. Is v composite?
True
Let r = -9 + 3. Let j be r/(-21) - 111/21. Let f(a) = 5*a**2 + 8. Is f(j) a composite number?
True
Is (-100500102)/(-13653) - (-1)/(-37) prime?
False
Suppose 4*r + 512 = -1148. Is (r/2)/(-5)*(7 + -5) a composite number?
False
Is (6/15)/((-164)/(-88247990)) prime?
True
Is ((-3653)/26 + -6)/1*-298 composite?
True
Let m(a) = -145*a**2 - 11. Let b(f) = 437*f**2 + 32. Let l(g) = 3*b(g) + 8*m(g). Is l(9) a composite number?
False
Suppose -c = -p - 4*p - 6, 2*p - 18 = -3*c. Suppose 0 = 5*a + 4*b - 13856, -c*a = -7*a + b + 2773. Suppose 0 = 14*x - a - 4494. Is x a composite number?
True
Suppose 3658 = -9*p - 5801. Let v = p + 2648. Is v prime?
True
Suppose b = 5*b + 20. Let k be b*(-1 + 0) - 2. Suppose -4*t = i - 746, k*i = 4*t + i - 752. Is t composite?
True
Let k be (28/21)/((-7)/(-21)). Suppose k*s - 5*j - 55517 = 0, 5*j = 5*s + 3578 - 72978. Is s a prime number?
True
Let d(h) = 2*h**2 + 14*h - 9. Let w be d(-7). Let k(r) = -45*r + 7. Let x be k(w). Let o = x - 2